{"id":4,"date":"2014-02-18T10:57:14","date_gmt":"2014-02-18T08:57:14","guid":{"rendered":"http:\/\/www.harier.at\/wordpress\/?page_id=4"},"modified":"2017-08-15T08:07:41","modified_gmt":"2017-08-15T06:07:41","slug":"der-kriegerbund-harier","status":"publish","type":"page","link":"https:\/\/www.harier.at\/?page_id=4","title":{"rendered":"Der Kriegerbund Harier"},"content":{"rendered":"<h1 style=\"text-align: center;\"><strong>Der Kriegerbund Harier<\/strong><\/h1>\n<p>&nbsp;<\/p>\n<p><img loading=\"lazy\" class=\"wp-image-336 size-medium aligncenter\" src=\"http:\/\/www.harier.at\/wp-content\/uploads\/2014\/02\/banner-300x199.jpg\" alt=\"\" width=\"300\" height=\"199\" srcset=\"https:\/\/www.harier.at\/wp-content\/uploads\/2014\/02\/banner-300x199.jpg 300w, https:\/\/www.harier.at\/wp-content\/uploads\/2014\/02\/banner-768x510.jpg 768w, https:\/\/www.harier.at\/wp-content\/uploads\/2014\/02\/banner.jpg 960w\" sizes=\"(max-width: 300px) 100vw, 300px\" \/><a href=\"http:\/\/www.harier.at\/wp-content\/uploads\/2014\/02\/banner.jpg\"><\/a><\/p>\n<p>&nbsp;<\/p>\n<p style=\"text-align: center;\">Die Harier verstehen sich als vereins\u00fcbergeordneter \u00f6sterreichischer K\u00e4mpferbund in dem international t\u00e4tige FMA K\u00e4mpfer zusammen unter einem Banner lagern und k\u00e4mpfen.<br \/>\nEr wurde im Winter 2006\/2007 von Ina und Slintesgeu gegr\u00fcndet.<br \/>\nIm J\u00e4nner 2010 wurde der Freundeskreis Harier (FKH) gegr\u00fcndet. Hierzu eingeladene Personen sind als Anw\u00e4rter zum Kriegerbund Harier zu verstehen.<\/p>\n<p>&nbsp;<\/p>\n<h2 style=\"text-align: center;\">DER NAME<\/h2>\n<p style=\"text-align: center;\">Das Volk der Harier wird vom Geschichtsschreiber Tacitus in seiner &#8222;Germania&#8220; wie folgt beschrieben<\/p>\n<p style=\"text-align: center;\">Lateinisches Original &#8211; Auszug<\/p>\n<blockquote>\n<p style=\"text-align: center;\">(43,3) dirimit enim scinditque Suebiam continuum montium iugum, ultra quod plurimae gentes agunt, ex quibus latissime patet Lugiorum nomen in plures civitates diffusum. valentissimas nominasse sufficiet, Harios, Helveconas, Manimos, Helisios, Naharvalos. (43,5) ceterum Harii super vires, quibus enumeratos paulo ante populos antecedunt, truces insitae feritati arte ac tempore lenocinantur: nigra scuta, tincta corpora; atras ad proelia noctes legunt ipsaque formidine atque umbra feralis exercitus terrorem inferunt, nullo hostium sustinente novum ac velut infernum aspectum; nam primi in omnibus proeliis oculi vincuntur.<\/p>\n<p>&nbsp;<\/p><\/blockquote>\n<p style=\"text-align: center;\">Deutsche \u00dcbersetzung nach Teuffel, W.S.\u00a0bearbeitet von E.G. (Fehrle\/H\u00fcnnerkopf und R.Much.)<\/p>\n<p style=\"text-align: center;\">\u00a0Denn Suebien trennt und durchschneidet eine zusammenh\u00e4ngende Gebirgskette, hinter der viele V\u00f6lkerschaften wohnen. Unter diesen hat der Name der Lugier die gr\u00f6\u00dfte Verbreitung und zerf\u00e4llt in mehrere St\u00e4mme. Es wird gen\u00fcgen, die bedeutendsten zu nennen, die Harier, Helveconen, Manimer, Helisier, Nahanarvaler. [&#8230;] (5) \u00dcbrigens sind Harier noch \u00fcber ihre Kr\u00e4fte hinaus &#8211; durch die sie die kurz zuvor aufgez\u00e4hlten V\u00f6lker \u00fcbertreffen &#8211; von grimmigem Wesen und steigern ihre angeborene Wildheit mit bewusster Kunst und Zeitwahl: Schwarz sind ihre Schilde, die Leiber bemalt, finstere N\u00e4chte w\u00e4hlen sie zu ihren Angriffen und jagen schon durch das Grauen und die Dunkelheit ihres H\u00f6llenheeres Schrecken ein, da kein Feind den ungewohnten und gleichsam gespentischen Anblick aush\u00e4lt. Denn das Auge ist in allen Schlachten das erste, was besiegt wird.<\/p>\n<p>&nbsp;<\/p>\n<p>&nbsp;<\/p>\n<h2 style=\"text-align: center;\">DAS STAMMESGEBIET DER NAMENSGEBER<\/h2>\n<p style=\"text-align: center;\">Das Stammesgebiet der \u201eHarier\u201c war laut \u201eTacitus\u201c im Bereich der <em>Vistula<\/em> (Weichsel) \u00f6stlich vom heutigen Krakau und n\u00f6rdlich der Karpaten.<\/p>\n<p>&nbsp;<\/p>\n<h2 style=\"text-align: center;\">DIE DARSTELLUNG<\/h2>\n<p style=\"text-align: center;\">Die Darstellung wird jedem Mitglied freigestellt, der dargestellte Charakter muss jedoch in sich stimmig historisch belegbar ausger\u00fcstet und ausgestattet sein.<br \/>\nDie Zeitspanne liegt zwischen 200 v.Chr. \u2013 1100 n.Chr.<\/p>\n<p>&nbsp;<\/p>\n<p>&nbsp;<\/p>\n<p>&nbsp;<\/p>\n","protected":false},"excerpt":{"rendered":"<p>Der Kriegerbund Harier &nbsp; &nbsp; Die Harier verstehen sich als vereins\u00fcbergeordneter \u00f6sterreichischer K\u00e4mpferbund in dem international t\u00e4tige FMA K\u00e4mpfer zusammen unter einem Banner lagern und k\u00e4mpfen. Er wurde im Winter 2006\/2007 von Ina und Slintesgeu gegr\u00fcndet. Im J\u00e4nner 2010 wurde der Freundeskreis Harier (FKH) gegr\u00fcndet. Hierzu eingeladene Personen sind als Anw\u00e4rter zum Kriegerbund Harier zu [&hellip;]<\/p>\n","protected":false},"author":1,"featured_media":0,"parent":0,"menu_order":0,"comment_status":"closed","ping_status":"closed","template":"page-templates\/template-no-sidebar.php","meta":[],"_links":{"self":[{"href":"https:\/\/www.harier.at\/index.php?rest_route=\/wp\/v2\/pages\/4"}],"collection":[{"href":"https:\/\/www.harier.at\/index.php?rest_route=\/wp\/v2\/pages"}],"about":[{"href":"https:\/\/www.harier.at\/index.php?rest_route=\/wp\/v2\/types\/page"}],"author":[{"embeddable":true,"href":"https:\/\/www.harier.at\/index.php?rest_route=\/wp\/v2\/users\/1"}],"replies":[{"embeddable":true,"href":"https:\/\/www.harier.at\/index.php?rest_route=%2Fwp%2Fv2%2Fcomments&post=4"}],"version-history":[{"count":41,"href":"https:\/\/www.harier.at\/index.php?rest_route=\/wp\/v2\/pages\/4\/revisions"}],"predecessor-version":[{"id":499,"href":"https:\/\/www.harier.at\/index.php?rest_route=\/wp\/v2\/pages\/4\/revisions\/499"}],"wp:attachment":[{"href":"https:\/\/www.harier.at\/index.php?rest_route=%2Fwp%2Fv2%2Fmedia&parent=4"}],"curies":[{"name":"wp","href":"https:\/\/api.w.org\/{rel}","templated":true}]}}

<h1 style="text-align: center;"><strong>Der Kriegerbund Harier</strong></h1>
<p>&nbsp;</p>
<p><img loading="lazy" class="wp-image-336 size-medium aligncenter" src="http://www.harier.at/wp-content/uploads/2014/02/banner-300x199.jpg" alt="" width="300" height="199" srcset="https://www.harier.at/wp-content/uploads/2014/02/banner-300x199.jpg 300w, https://www.harier.at/wp-content/uploads/2014/02/banner-768x510.jpg 768w, https://www.harier.at/wp-content/uploads/2014/02/banner.jpg 960w" sizes="(max-width: 300px) 100vw, 300px" /><a href="http://www.harier.at/wp-content/uploads/2014/02/banner.jpg"></a></p>
<p>&nbsp;</p>
<p style="text-align: center;">Die Harier verstehen sich als vereinsübergeordneter österreichischer Kämpferbund in dem international tätige FMA Kämpfer zusammen unter einem Banner lagern und kämpfen.<br />
Er wurde im Winter 2006/2007 von Ina und Slintesgeu gegründet.<br />
Im Jänner 2010 wurde der Freundeskreis Harier (FKH) gegründet. Hierzu eingeladene Personen sind als Anwärter zum Kriegerbund Harier zu verstehen.</p>
<p>&nbsp;</p>
<h2 style="text-align: center;">DER NAME</h2>
<p style="text-align: center;">Das Volk der Harier wird vom Geschichtsschreiber Tacitus in seiner &#8222;Germania&#8220; wie folgt beschrieben</p>
<p style="text-align: center;">Lateinisches Original &#8211; Auszug</p>
<blockquote>
<p style="text-align: center;">(43,3) dirimit enim scinditque Suebiam continuum montium iugum, ultra quod plurimae gentes agunt, ex quibus latissime patet Lugiorum nomen in plures civitates diffusum. valentissimas nominasse sufficiet, Harios, Helveconas, Manimos, Helisios, Naharvalos. (43,5) ceterum Harii super vires, quibus enumeratos paulo ante populos antecedunt, truces insitae feritati arte ac tempore lenocinantur: nigra scuta, tincta corpora; atras ad proelia noctes legunt ipsaque formidine atque umbra feralis exercitus terrorem inferunt, nullo hostium sustinente novum ac velut infernum aspectum; nam primi in omnibus proeliis oculi vincuntur.</p>
<p>&nbsp;</p></blockquote>
<p style="text-align: center;">Deutsche Übersetzung nach Teuffel, W.S. bearbeitet von E.G. (Fehrle/Hünnerkopf und R.Much.)</p>
<p style="text-align: center;"> Denn Suebien trennt und durchschneidet eine zusammenhängende Gebirgskette, hinter der viele Völkerschaften wohnen. Unter diesen hat der Name der Lugier die größte Verbreitung und zerfällt in mehrere Stämme. Es wird genügen, die bedeutendsten zu nennen, die Harier, Helveconen, Manimer, Helisier, Nahanarvaler. [&#8230;] (5) Übrigens sind Harier noch über ihre Kräfte hinaus &#8211; durch die sie die kurz zuvor aufgezählten Völker übertreffen &#8211; von grimmigem Wesen und steigern ihre angeborene Wildheit mit bewusster Kunst und Zeitwahl: Schwarz sind ihre Schilde, die Leiber bemalt, finstere Nächte wählen sie zu ihren Angriffen und jagen schon durch das Grauen und die Dunkelheit ihres Höllenheeres Schrecken ein, da kein Feind den ungewohnten und gleichsam gespentischen Anblick aushält. Denn das Auge ist in allen Schlachten das erste, was besiegt wird.</p>
<p>&nbsp;</p>
<p>&nbsp;</p>
<h2 style="text-align: center;">DAS STAMMESGEBIET DER NAMENSGEBER</h2>
<p style="text-align: center;">Das Stammesgebiet der „Harier“ war laut „Tacitus“ im Bereich der <em>Vistula</em> (Weichsel) östlich vom heutigen Krakau und nördlich der Karpaten.</p>
<p>&nbsp;</p>
<h2 style="text-align: center;">DIE DARSTELLUNG</h2>
<p style="text-align: center;">Die Darstellung wird jedem Mitglied freigestellt, der dargestellte Charakter muss jedoch in sich stimmig historisch belegbar ausgerüstet und ausgestattet sein.<br />
Die Zeitspanne liegt zwischen 200 v.Chr. – 1100 n.Chr.</p>
<p>&nbsp;</p>
<p>&nbsp;</p>
<p>&nbsp;</p>

<p>Der Kriegerbund Harier &nbsp; &nbsp; Die Harier verstehen sich als vereinsübergeordneter österreichischer Kämpferbund in dem international tätige FMA Kämpfer zusammen unter einem Banner lagern und kämpfen. Er wurde im Winter 2006/2007 von Ina und Slintesgeu gegründet. Im Jänner 2010 wurde der Freundeskreis Harier (FKH) gegründet. Hierzu eingeladene Personen sind als Anwärter zum Kriegerbund Harier zu [&hellip;]</p>
